{"id":78,"date":"2024-05-05T16:32:58","date_gmt":"2024-05-05T14:32:58","guid":{"rendered":"https:\/\/clerewww.hauzgur.org\/?page_id=78"},"modified":"2024-05-06T10:21:05","modified_gmt":"2024-05-06T08:21:05","slug":"les-bords-de-loire","status":"publish","type":"page","link":"https:\/\/clerewww.hauzgur.org\/?page_id=78","title":{"rendered":"Les Bords de Loire"},"content":{"rendered":"\n<p><strong>Les Bords de Loire<\/strong><\/p>\n\n\n\n<p>Non loin de la Loire, vous pourrez vous promener sur les Bords de Loire \u00e0 pied ou \u00e0 v\u00e9lo en suivant les parcours<\/p>\n\n\n\n<figure class=\"wp-block-table\"><table><tbody><tr><td class=\"has-text-align-center\" data-align=\"center\"><br><a href=\"http:\/\/cstouraine.fr\/images\/Loire.JPG\" target=\"_blank\" rel=\"noreferrer noopener\"><\/a><a href=\"http:\/\/cstouraine.fr\/images\/Loire.JPG\" target=\"_blank\" rel=\"noreferrer noopener\"><\/a><img decoding=\"async\" style=\"\" src=\"https:\/\/clerewww.hauzgur.org\/wp-content\/uploads\/2024\/05\/Loire.jpg\" alt=\"\"><br><a href=\"http:\/\/cstouraine.fr\/images\/Loire.JPG\" target=\"_blank\" rel=\"noreferrer noopener\"><\/a><a href=\"http:\/\/cstouraine.fr\/images\/Loire.JPG\" target=\"_blank\" rel=\"noreferrer noopener\"><\/a><\/td><td><a href=\"http:\/\/cstouraine.fr\/images\/La%20loire%203.JPG\" target=\"_blank\" rel=\"noreferrer noopener\"><\/a><img decoding=\"async\" src=\"https:\/\/clerewww.hauzgur.org\/wp-content\/uploads\/2024\/05\/La-loire-3.jpg\" alt=\"\"><a href=\"http:\/\/cstouraine.fr\/images\/La%20loire%203.JPG\" target=\"_blank\" rel=\"noreferrer noopener\"><\/a><\/td><\/tr><\/tbody><\/table><\/figure>\n\n\n\n<figure class=\"wp-block-table\"><table><tbody><tr><td><img decoding=\"async\" src=\"http:\/\/cstouraine.fr\/images\/panneau_loireavelo.jpg\" style=\"width: 1000px;\"><\/td><td><strong><mark style=\"background-color:rgba(0, 0, 0, 0)\" class=\"has-inline-color has-vivid-green-cyan-color\">La Loire \u00e0 V\u00e9lo<\/mark><\/strong><br><br>Les bords de Loire r\u00e9v\u00e8lent, au fil des kilom\u00e8tres, des lieux insoup\u00e7onn\u00e9s et des paysages d&rsquo;une pure beaut\u00e9. Les d\u00e9couvrir \u00e0 v\u00e9lo reste un moment tr\u00e8s agr\u00e9able et privil\u00e9gi\u00e9.L&rsquo;ensemble du parcours est signalis\u00e9 dans les deux sens. des panneaux de d\u00e9but et de fin provisoire d&rsquo;itin\u00e9raire indiquent l&rsquo;entr\u00e9e et la sortie du trac\u00e9.\u00a0<br><br><strong>Plus d&rsquo;informations<\/strong> <strong>:\u00a0<a href=\"https:\/\/www.loireavelo.fr\/\" target=\"_blank\" rel=\"noreferrer noopener\">cliquez ici<\/a><\/strong>\u00a0<br><br>La carte du parcours est disponible <strong><a href=\"https:\/\/www.loireavelo.fr\/carte\/\" target=\"_blank\" rel=\"noreferrer noopener nofollow\">ici<\/a><\/strong><\/td><\/tr><\/tbody><\/table><\/figure>\n\n\n\n<figure style=\"font-style:normal;font-weight:400\" class=\"wp-block-table\"><table><tbody><tr><td class=\"has-text-align-center\" data-align=\"center\"><img decoding=\"async\" src=\"https:\/\/clerewww.hauzgur.org\/wp-content\/uploads\/2024\/05\/P4110005.jpg\" alt=\"\"><\/td><td class=\"has-text-align-center\" data-align=\"center\"><img decoding=\"async\" src=\"https:\/\/clerewww.hauzgur.org\/wp-content\/uploads\/2024\/05\/P4110001.jpg\" alt=\"\"><a href=\"http:\/\/cstouraine.fr\/images\/bord-loire\/P4110001.jpg\" target=\"_blank\" rel=\"noreferrer noopener\"><\/a><\/td><td><a href=\"http:\/\/cstouraine.fr\/images\/bord-loire\/P4110003.jpg\" target=\"_blank\" rel=\"noreferrer noopener\"><\/a><img decoding=\"async\" src=\"https:\/\/clerewww.hauzgur.org\/wp-content\/uploads\/2024\/05\/P4110003.jpg\" alt=\"\"><a href=\"http:\/\/cstouraine.fr\/images\/bord-loire\/P4110003.jpg\" target=\"_blank\" rel=\"noreferrer noopener\"><\/a><\/td><\/tr><tr><td class=\"has-text-align-center\" data-align=\"center\"><img decoding=\"async\" src=\"https:\/\/clerewww.hauzgur.org\/wp-content\/uploads\/2024\/05\/P4110004.jpg\" alt=\"\"><\/td><td class=\"has-text-align-center\" data-align=\"center\"><img decoding=\"async\" src=\"https:\/\/clerewww.hauzgur.org\/wp-content\/uploads\/2024\/05\/P4110006.jpg\" alt=\"\"><a href=\"http:\/\/cstouraine.fr\/images\/bord-loire\/P4110002.jpg\" target=\"_blank\" rel=\"noreferrer noopener\"><\/a><\/td><td><img decoding=\"async\" src=\"https:\/\/clerewww.hauzgur.org\/wp-content\/uploads\/2024\/05\/P4110007.jpg\" alt=\"\" style=\"width: 150px;\"><a href=\"http:\/\/cstouraine.fr\/images\/bord-loire\/P4110006.jpg\" target=\"_blank\" rel=\"noreferrer noopener\"><\/a><\/td><\/tr><\/tbody><\/table><\/figure>\n","protected":false},"excerpt":{"rendered":"<p>Les Bords de Loire Non loin de la Loire, vous pourrez vous promener sur les Bords de Loire \u00e0 pied ou \u00e0 v\u00e9lo en suivant les parcours La Loire \u00e0 &hellip; <\/p>\n<p class=\"link-more\"><a href=\"https:\/\/clerewww.hauzgur.org\/?page_id=78\" class=\"more-link\">Continuer la lecture<span class=\"screen-reader-text\"> de &laquo;&nbsp;Les Bords de Loire&nbsp;&raquo;<\/span><\/a><\/p>\n","protected":false},"author":1,"featured_media":0,"parent":0,"menu_order":0,"comment_status":"closed","ping_status":"closed","template":"","meta":{"_EventAllDay":false,"_EventTimezone":"","_EventStartDate":"","_EventEndDate":"","_EventStartDateUTC":"","_EventEndDateUTC":"","_EventShowMap":false,"_EventShowMapLink":false,"_EventURL":"","_EventCost":"","_EventCostDescription":"","_EventCurrencySymbol":"","_EventCurrencyCode":"","_EventCurrencyPosition":"","_EventDateTimeSeparator":"","_EventTimeRangeSeparator":"","_EventOrganizerID":[],"_EventVenueID":[],"_OrganizerEmail":"","_OrganizerPhone":"","_OrganizerWebsite":"","_VenueAddress":"","_VenueCity":"","_VenueCountry":"","_VenueProvince":"","_VenueState":"","_VenueZip":"","_VenuePhone":"","_VenueURL":"","_VenueStateProvince":"","_VenueLat":"","_VenueLng":"","_VenueShowMap":false,"_VenueShowMapLink":false,"footnotes":""},"class_list":["post-78","page","type-page","status-publish","hentry"],"_links":{"self":[{"href":"https:\/\/clerewww.hauzgur.org\/index.php?rest_route=\/wp\/v2\/pages\/78","targetHints":{"allow":["GET"]}}],"collection":[{"href":"https:\/\/clerewww.hauzgur.org\/index.php?rest_route=\/wp\/v2\/pages"}],"about":[{"href":"https:\/\/clerewww.hauzgur.org\/index.php?rest_route=\/wp\/v2\/types\/page"}],"author":[{"embeddable":true,"href":"https:\/\/clerewww.hauzgur.org\/index.php?rest_route=\/wp\/v2\/users\/1"}],"replies":[{"embeddable":true,"href":"https:\/\/clerewww.hauzgur.org\/index.php?rest_route=%2Fwp%2Fv2%2Fcomments&post=78"}],"version-history":[{"count":9,"href":"https:\/\/clerewww.hauzgur.org\/index.php?rest_route=\/wp\/v2\/pages\/78\/revisions"}],"predecessor-version":[{"id":190,"href":"https:\/\/clerewww.hauzgur.org\/index.php?rest_route=\/wp\/v2\/pages\/78\/revisions\/190"}],"wp:attachment":[{"href":"https:\/\/clerewww.hauzgur.org\/index.php?rest_route=%2Fwp%2Fv2%2Fmedia&parent=78"}],"curies":[{"name":"wp","href":"https:\/\/api.w.org\/{rel}","templated":true}]}}