{"id":40,"date":"2024-05-05T15:28:30","date_gmt":"2024-05-05T13:28:30","guid":{"rendered":"https:\/\/clerewww.hauzgur.org\/?page_id=40"},"modified":"2024-05-06T14:27:47","modified_gmt":"2024-05-06T12:27:47","slug":"piscine","status":"publish","type":"page","link":"https:\/\/clerewww.hauzgur.org\/?page_id=40","title":{"rendered":"Piscine"},"content":{"rendered":"\n<p>Une grande piscine ainsi que sa pataugeoire sont \u00e0 votre disposition <\/p>\n\n\n\n<p>Le grand bassin e est chauff\u00e9 mais pas la pataugeoire.<\/p>\n\n\n\n<figure class=\"wp-block-gallery has-nested-images columns-default is-cropped wp-block-gallery-1 is-layout-flex wp-block-gallery-is-layout-flex\">\n<figure class=\"wp-block-image size-large\"><img loading=\"lazy\" decoding=\"async\" width=\"1024\" height=\"576\" data-id=\"10\" src=\"https:\/\/clerewww.hauzgur.org\/wp-content\/uploads\/2024\/05\/Piscines-2023.jpg\" alt=\"\" class=\"wp-image-10\" srcset=\"https:\/\/clerewww.hauzgur.org\/wp-content\/uploads\/2024\/05\/Piscines-2023.jpg 1024w, https:\/\/clerewww.hauzgur.org\/wp-content\/uploads\/2024\/05\/Piscines-2023-300x169.jpg 300w, https:\/\/clerewww.hauzgur.org\/wp-content\/uploads\/2024\/05\/Piscines-2023-768x432.jpg 768w\" sizes=\"auto, (max-width: 706px) 89vw, (max-width: 767px) 82vw, 740px\" \/><\/figure>\n\n\n\n<figure class=\"wp-block-image size-large\"><img loading=\"lazy\" decoding=\"async\" width=\"1024\" height=\"569\" data-id=\"229\" src=\"https:\/\/clerewww.hauzgur.org\/wp-content\/uploads\/2024\/05\/Piscines-2023-vue-drone-2.jpg\" alt=\"\" class=\"wp-image-229\" srcset=\"https:\/\/clerewww.hauzgur.org\/wp-content\/uploads\/2024\/05\/Piscines-2023-vue-drone-2.jpg 1024w, https:\/\/clerewww.hauzgur.org\/wp-content\/uploads\/2024\/05\/Piscines-2023-vue-drone-2-300x167.jpg 300w, https:\/\/clerewww.hauzgur.org\/wp-content\/uploads\/2024\/05\/Piscines-2023-vue-drone-2-768x427.jpg 768w\" sizes=\"auto, (max-width: 706px) 89vw, (max-width: 767px) 82vw, 740px\" \/><\/figure>\n\n\n\n<figure class=\"wp-block-image size-large\"><img loading=\"lazy\" decoding=\"async\" width=\"1024\" height=\"576\" data-id=\"228\" src=\"https:\/\/clerewww.hauzgur.org\/wp-content\/uploads\/2024\/05\/Piscines-2023-2.jpg\" alt=\"\" class=\"wp-image-228\" srcset=\"https:\/\/clerewww.hauzgur.org\/wp-content\/uploads\/2024\/05\/Piscines-2023-2.jpg 1024w, https:\/\/clerewww.hauzgur.org\/wp-content\/uploads\/2024\/05\/Piscines-2023-2-300x169.jpg 300w, https:\/\/clerewww.hauzgur.org\/wp-content\/uploads\/2024\/05\/Piscines-2023-2-768x432.jpg 768w\" sizes=\"auto, (max-width: 706px) 89vw, (max-width: 767px) 82vw, 740px\" \/><\/figure>\n\n\n\n<figure class=\"wp-block-image size-large\"><img loading=\"lazy\" decoding=\"async\" width=\"1024\" height=\"576\" data-id=\"227\" src=\"https:\/\/clerewww.hauzgur.org\/wp-content\/uploads\/2024\/05\/Grand-bain-2023.jpg\" alt=\"\" class=\"wp-image-227\" srcset=\"https:\/\/clerewww.hauzgur.org\/wp-content\/uploads\/2024\/05\/Grand-bain-2023.jpg 1024w, https:\/\/clerewww.hauzgur.org\/wp-content\/uploads\/2024\/05\/Grand-bain-2023-300x169.jpg 300w, https:\/\/clerewww.hauzgur.org\/wp-content\/uploads\/2024\/05\/Grand-bain-2023-768x432.jpg 768w\" sizes=\"auto, (max-width: 706px) 89vw, (max-width: 767px) 82vw, 740px\" \/><\/figure>\n\n\n\n<figure class=\"wp-block-image size-large\"><img loading=\"lazy\" decoding=\"async\" width=\"1024\" height=\"768\" data-id=\"226\" src=\"https:\/\/clerewww.hauzgur.org\/wp-content\/uploads\/2024\/05\/Pataugeoire-2023.jpg\" alt=\"\" class=\"wp-image-226\" srcset=\"https:\/\/clerewww.hauzgur.org\/wp-content\/uploads\/2024\/05\/Pataugeoire-2023.jpg 1024w, https:\/\/clerewww.hauzgur.org\/wp-content\/uploads\/2024\/05\/Pataugeoire-2023-300x225.jpg 300w, https:\/\/clerewww.hauzgur.org\/wp-content\/uploads\/2024\/05\/Pataugeoire-2023-768x576.jpg 768w\" sizes=\"auto, (max-width: 706px) 89vw, (max-width: 767px) 82vw, 740px\" \/><\/figure>\n<\/figure>\n\n\n\n<p><\/p>\n\n\n\n<figure class=\"wp-block-table has-small-font-size\"><table class=\"has-background\" style=\"background-color:#f3f3f3\"><tbody><tr><td><img decoding=\"async\" src=\"https:\/\/clerewww.hauzgur.org\/wp-content\/uploads\/2024\/05\/symbole-point-exclamation-rouge-icone-signe-attention-avertissement-probleme-danger-alerte_40876-3505.jpg.avif\" alt=\"\"><\/td><td class=\"has-text-align-center\" data-align=\"center\"><mark style=\"background-color:rgba(0, 0, 0, 0)\" class=\"has-inline-color has-vivid-red-color\"><strong>NOTRE PISCINE N&rsquo;EST PAS SURVEILL\u00c9E<br><br>LES ENFANTS DOIVENT \u00caTRE IMP\u00c9RATIVEMENT ACCOMPAGN\u00c8S D&rsquo;UN ADULTE ET DEMEURENT SOUS L&rsquo;ENTI\u00c8RE RESPONSABILIT\u00c9 DE LEURS PARENTS<\/strong><\/mark><\/td><\/tr><\/tbody><\/table><\/figure>\n","protected":false},"excerpt":{"rendered":"<p>Une grande piscine ainsi que sa pataugeoire sont \u00e0 votre disposition Le grand bassin e est chauff\u00e9 mais pas la pataugeoire. NOTRE PISCINE N&rsquo;EST PAS SURVEILL\u00c9E LES ENFANTS DOIVENT \u00caTRE &hellip; <\/p>\n<p class=\"link-more\"><a href=\"https:\/\/clerewww.hauzgur.org\/?page_id=40\" class=\"more-link\">Continuer la lecture<span class=\"screen-reader-text\"> de &laquo;&nbsp;Piscine&nbsp;&raquo;<\/span><\/a><\/p>\n","protected":false},"author":1,"featured_media":0,"parent":0,"menu_order":0,"comment_status":"closed","ping_status":"closed","template":"","meta":{"_EventAllDay":false,"_EventTimezone":"","_EventStartDate":"","_EventEndDate":"","_EventStartDateUTC":"","_EventEndDateUTC":"","_EventShowMap":false,"_EventShowMapLink":false,"_EventURL":"","_EventCost":"","_EventCostDescription":"","_EventCurrencySymbol":"","_EventCurrencyCode":"","_EventCurrencyPosition":"","_EventDateTimeSeparator":"","_EventTimeRangeSeparator":"","_EventOrganizerID":[],"_EventVenueID":[],"_OrganizerEmail":"","_OrganizerPhone":"","_OrganizerWebsite":"","_VenueAddress":"","_VenueCity":"","_VenueCountry":"","_VenueProvince":"","_VenueState":"","_VenueZip":"","_VenuePhone":"","_VenueURL":"","_VenueStateProvince":"","_VenueLat":"","_VenueLng":"","_VenueShowMap":false,"_VenueShowMapLink":false,"footnotes":""},"class_list":["post-40","page","type-page","status-publish","hentry"],"_links":{"self":[{"href":"https:\/\/clerewww.hauzgur.org\/index.php?rest_route=\/wp\/v2\/pages\/40","targetHints":{"allow":["GET"]}}],"collection":[{"href":"https:\/\/clerewww.hauzgur.org\/index.php?rest_route=\/wp\/v2\/pages"}],"about":[{"href":"https:\/\/clerewww.hauzgur.org\/index.php?rest_route=\/wp\/v2\/types\/page"}],"author":[{"embeddable":true,"href":"https:\/\/clerewww.hauzgur.org\/index.php?rest_route=\/wp\/v2\/users\/1"}],"replies":[{"embeddable":true,"href":"https:\/\/clerewww.hauzgur.org\/index.php?rest_route=%2Fwp%2Fv2%2Fcomments&post=40"}],"version-history":[{"count":7,"href":"https:\/\/clerewww.hauzgur.org\/index.php?rest_route=\/wp\/v2\/pages\/40\/revisions"}],"predecessor-version":[{"id":294,"href":"https:\/\/clerewww.hauzgur.org\/index.php?rest_route=\/wp\/v2\/pages\/40\/revisions\/294"}],"wp:attachment":[{"href":"https:\/\/clerewww.hauzgur.org\/index.php?rest_route=%2Fwp%2Fv2%2Fmedia&parent=40"}],"curies":[{"name":"wp","href":"https:\/\/api.w.org\/{rel}","templated":true}]}}